{"id":286,"date":"2016-10-31T13:17:59","date_gmt":"2016-10-31T16:17:59","guid":{"rendered":"https:\/\/ica-cba.infd.edu.ar\/sitio\/?page_id=286"},"modified":"2026-02-12T16:22:18","modified_gmt":"2026-02-12T19:22:18","slug":"inicio","status":"publish","type":"page","link":"https:\/\/ica-cba.infd.edu.ar\/sitio\/","title":{"rendered":"Inicio"},"content":{"rendered":"<h1 style=\"text-align: center;\"><strong>INSCRIPCIONES ABIERTAS<\/strong><\/h1>\n<p>\u00bfTe queres inscribir? <a href=\"https:\/\/forms.gle\/8KfhALiVjjhw1XuA8\">hace click ac\u00e1!<\/a><\/p>\n<p><a href=\"https:\/\/forms.gle\/8KfhALiVjjhw1XuA8\"><img decoding=\"async\" loading=\"lazy\" class=\"wp-image-898 aligncenter\" src=\"https:\/\/ica-cba.infd.edu.ar\/sitio\/wp-content\/uploads\/2025\/10\/WhatsApp-Image-2025-10-09-at-15.23.38-4-783x1000.jpeg\" alt=\"\" width=\"783\" height=\"1000\" srcset=\"https:\/\/ica-cba.infd.edu.ar\/sitio\/wp-content\/uploads\/2025\/10\/WhatsApp-Image-2025-10-09-at-15.23.38-4-783x1000.jpeg 783w, https:\/\/ica-cba.infd.edu.ar\/sitio\/wp-content\/uploads\/2025\/10\/WhatsApp-Image-2025-10-09-at-15.23.38-4-768x981.jpeg 768w, https:\/\/ica-cba.infd.edu.ar\/sitio\/wp-content\/uploads\/2025\/10\/WhatsApp-Image-2025-10-09-at-15.23.38-4.jpeg 1080w\" sizes=\"(max-width: 783px) 100vw, 783px\" \/><\/a><\/p>\n<h2 style=\"text-align: center;\">\u00a0 Nuestras Carreras<\/h2>\n<p><a href=\"https:\/\/ica-cba.infd.edu.ar\/sitio\/catalogo\/tecnicatura-superior-en-investigacion-folklorica\/\"><img decoding=\"async\" loading=\"lazy\" class=\" wp-image-982 aligncenter\" src=\"https:\/\/ica-cba.infd.edu.ar\/sitio\/wp-content\/uploads\/2025\/10\/WhatsApp-Image-2025-10-17-at-17.31.10-2-1000x1000.jpeg\" alt=\"\" width=\"689\" height=\"689\" \/><\/a><\/p>\n<p><a href=\"https:\/\/ica-cba.infd.edu.ar\/sitio\/catalogo\/profesorado-en-educacion-secundaria-en-historia\/\"><img decoding=\"async\" loading=\"lazy\" class=\" wp-image-983 aligncenter\" src=\"https:\/\/ica-cba.infd.edu.ar\/sitio\/wp-content\/uploads\/2025\/10\/WhatsApp-Image-2025-10-17-at-17.31.09-1-1000x1000.jpeg\" alt=\"\" width=\"688\" height=\"688\" srcset=\"https:\/\/ica-cba.infd.edu.ar\/sitio\/wp-content\/uploads\/2025\/10\/WhatsApp-Image-2025-10-17-at-17.31.09-1-1000x1000.jpeg 1000w, https:\/\/ica-cba.infd.edu.ar\/sitio\/wp-content\/uploads\/2025\/10\/WhatsApp-Image-2025-10-17-at-17.31.09-1-500x500.jpeg 500w, https:\/\/ica-cba.infd.edu.ar\/sitio\/wp-content\/uploads\/2025\/10\/WhatsApp-Image-2025-10-17-at-17.31.09-1-768x768.jpeg 768w, https:\/\/ica-cba.infd.edu.ar\/sitio\/wp-content\/uploads\/2025\/10\/WhatsApp-Image-2025-10-17-at-17.31.09-1.jpeg 1080w\" sizes=\"(max-width: 688px) 100vw, 688px\" \/><\/a><\/p>\n<p><a href=\"https:\/\/ica-cba.infd.edu.ar\/sitio\/catalogo\/profesorado-de-musica\/\"><img decoding=\"async\" loading=\"lazy\" class=\" wp-image-984 aligncenter\" src=\"https:\/\/ica-cba.infd.edu.ar\/sitio\/wp-content\/uploads\/2025\/10\/WhatsApp-Image-2025-10-17-at-17.31.10-1000x1000.jpeg\" alt=\"\" width=\"688\" height=\"688\" srcset=\"https:\/\/ica-cba.infd.edu.ar\/sitio\/wp-content\/uploads\/2025\/10\/WhatsApp-Image-2025-10-17-at-17.31.10-1000x1000.jpeg 1000w, https:\/\/ica-cba.infd.edu.ar\/sitio\/wp-content\/uploads\/2025\/10\/WhatsApp-Image-2025-10-17-at-17.31.10-500x500.jpeg 500w, https:\/\/ica-cba.infd.edu.ar\/sitio\/wp-content\/uploads\/2025\/10\/WhatsApp-Image-2025-10-17-at-17.31.10-768x768.jpeg 768w, https:\/\/ica-cba.infd.edu.ar\/sitio\/wp-content\/uploads\/2025\/10\/WhatsApp-Image-2025-10-17-at-17.31.10.jpeg 1080w\" sizes=\"(max-width: 688px) 100vw, 688px\" \/><\/a><\/p>\n<p><a href=\"https:\/\/ica-cba.infd.edu.ar\/sitio\/catalogo\/profesorado-de-educacion-primaria\/\"><img decoding=\"async\" loading=\"lazy\" class=\" wp-image-985 aligncenter\" src=\"https:\/\/ica-cba.infd.edu.ar\/sitio\/wp-content\/uploads\/2025\/10\/WhatsApp-Image-2025-10-17-at-17.31.09-1000x1000.jpeg\" alt=\"\" width=\"700\" height=\"700\" srcset=\"https:\/\/ica-cba.infd.edu.ar\/sitio\/wp-content\/uploads\/2025\/10\/WhatsApp-Image-2025-10-17-at-17.31.09-1000x1000.jpeg 1000w, https:\/\/ica-cba.infd.edu.ar\/sitio\/wp-content\/uploads\/2025\/10\/WhatsApp-Image-2025-10-17-at-17.31.09-500x500.jpeg 500w, https:\/\/ica-cba.infd.edu.ar\/sitio\/wp-content\/uploads\/2025\/10\/WhatsApp-Image-2025-10-17-at-17.31.09-768x768.jpeg 768w, https:\/\/ica-cba.infd.edu.ar\/sitio\/wp-content\/uploads\/2025\/10\/WhatsApp-Image-2025-10-17-at-17.31.09.jpeg 1080w\" sizes=\"(max-width: 700px) 100vw, 700px\" \/><\/a><\/p>\n<p><a href=\"https:\/\/ica-cba.infd.edu.ar\/sitio\/catalogo\/profesorado-de-educacion-secundaria-en-antropologia\/\"><img decoding=\"async\" loading=\"lazy\" class=\" wp-image-986 aligncenter\" src=\"https:\/\/ica-cba.infd.edu.ar\/sitio\/wp-content\/uploads\/2025\/10\/WhatsApp-Image-2025-10-17-at-17.31.08-1000x1000.jpeg\" alt=\"\" width=\"716\" height=\"716\" srcset=\"https:\/\/ica-cba.infd.edu.ar\/sitio\/wp-content\/uploads\/2025\/10\/WhatsApp-Image-2025-10-17-at-17.31.08-1000x1000.jpeg 1000w, https:\/\/ica-cba.infd.edu.ar\/sitio\/wp-content\/uploads\/2025\/10\/WhatsApp-Image-2025-10-17-at-17.31.08-500x500.jpeg 500w, https:\/\/ica-cba.infd.edu.ar\/sitio\/wp-content\/uploads\/2025\/10\/WhatsApp-Image-2025-10-17-at-17.31.08-768x768.jpeg 768w, https:\/\/ica-cba.infd.edu.ar\/sitio\/wp-content\/uploads\/2025\/10\/WhatsApp-Image-2025-10-17-at-17.31.08.jpeg 1080w\" sizes=\"(max-width: 716px) 100vw, 716px\" \/><\/a><\/p>\n<p><a href=\"https:\/\/ica-cba.infd.edu.ar\/sitio\/catalogo\/tecnicatura-de-lenguas-y-culturas-aborigenes\/\"><img decoding=\"async\" loading=\"lazy\" class=\" wp-image-987 aligncenter\" src=\"https:\/\/ica-cba.infd.edu.ar\/sitio\/wp-content\/uploads\/2025\/10\/WhatsApp-Image-2025-10-17-at-17.31.10-1-1000x1000.jpeg\" alt=\"\" width=\"727\" height=\"727\" srcset=\"https:\/\/ica-cba.infd.edu.ar\/sitio\/wp-content\/uploads\/2025\/10\/WhatsApp-Image-2025-10-17-at-17.31.10-1-1000x1000.jpeg 1000w, https:\/\/ica-cba.infd.edu.ar\/sitio\/wp-content\/uploads\/2025\/10\/WhatsApp-Image-2025-10-17-at-17.31.10-1-500x500.jpeg 500w, https:\/\/ica-cba.infd.edu.ar\/sitio\/wp-content\/uploads\/2025\/10\/WhatsApp-Image-2025-10-17-at-17.31.10-1-768x768.jpeg 768w, https:\/\/ica-cba.infd.edu.ar\/sitio\/wp-content\/uploads\/2025\/10\/WhatsApp-Image-2025-10-17-at-17.31.10-1.jpeg 1080w\" sizes=\"(max-width: 727px) 100vw, 727px\" \/><\/a><\/p>\n<p><img decoding=\"async\" loading=\"lazy\" class=\"alignnone wp-image-1008 size-medium\" src=\"https:\/\/ica-cba.infd.edu.ar\/sitio\/wp-content\/uploads\/2025\/10\/IMG-20251028-WA0010-1000x1000.jpg\" alt=\"\" width=\"1000\" height=\"1000\" srcset=\"https:\/\/ica-cba.infd.edu.ar\/sitio\/wp-content\/uploads\/2025\/10\/IMG-20251028-WA0010-1000x1000.jpg 1000w, https:\/\/ica-cba.infd.edu.ar\/sitio\/wp-content\/uploads\/2025\/10\/IMG-20251028-WA0010-500x500.jpg 500w, https:\/\/ica-cba.infd.edu.ar\/sitio\/wp-content\/uploads\/2025\/10\/IMG-20251028-WA0010-768x768.jpg 768w, https:\/\/ica-cba.infd.edu.ar\/sitio\/wp-content\/uploads\/2025\/10\/IMG-20251028-WA0010.jpg 1080w\" sizes=\"(max-width: 1000px) 100vw, 1000px\" \/><\/p>\n<p>TRAYECTO PEDAG\u00d3GICO PARA GRADUADOS NO DOCENTES\u00a0<\/p>\n<p class=\"MsoNormal\" style=\"color: #000000; font-family: sans-serif; background-color: #faf8ff; line-height: normal; margin: 0cm 0cm 10pt; font-size: 11pt;\"><span style=\"font-size: 12pt;\"><span style=\"font-family: arial, sans-serif;\"><b><span style=\"color: #9900ff;\">A\u00fan est\u00e1s a tiempo de sumarte<\/span><\/b>. Este trayecto es ideal para perfiles no docentes, ya que tiene una duraci\u00f3n de\u00a0<b><span style=\"color: #9900ff;\">solo un a\u00f1o y medio<\/span><\/b>\u00a0y est\u00e1 dise\u00f1ado para que puedas compatibilizarlo con tu trabajo:<\/span><\/span><\/p>\n<ul style=\"color: #000000; font-family: sans-serif; font-size: 12.8px; background-color: #faf8ff; margin-bottom: 0cm;\" type=\"disc\">\n<li class=\"MsoNormal\" style=\"line-height: normal; margin: 0cm 0cm 10pt; font-size: 11pt;\"><span style=\"font-family: arial, sans-serif;\"><b><span style=\"font-size: 12pt;\"><span style=\"color: #9900ff;\">Cursada flexible:<\/span><\/span><\/b><span style=\"font-size: 12pt;\">\u00a0Solo un s\u00e1bado presencial al mes y una videollamada mensual. El resto es 100% asincr\u00f3nico en nuestra aula virtual (vos manej\u00e1s tus tiempos).<\/span><\/span><\/li>\n<li class=\"MsoNormal\" style=\"line-height: normal; margin: 0cm 0cm 10pt; font-size: 11pt;\"><span style=\"font-family: arial, sans-serif;\"><b><span style=\"font-size: 12pt;\"><span style=\"color: #9900ff;\">Inicio<\/span>:<\/span><\/b><span style=\"font-size: 12pt;\">\u00a0Finales de marzo.<\/span><\/span><\/li>\n<\/ul>\n<div class=\"MsoNormal\" style=\"color: #000000; font-family: sans-serif; background-color: #faf8ff; margin: 0cm 0cm 0.0001pt; text-align: center; line-height: normal; font-size: 11pt;\" align=\"center\">\n<hr align=\"center\" size=\"3\" width=\"100%\" \/><\/div>\n<p class=\"MsoNormal\" style=\"color: #000000; font-family: sans-serif; background-color: #faf8ff; line-height: normal; margin: 0cm 0cm 10pt; font-size: 11pt;\"><b><span style=\"font-size: 13.5pt;\"><span style=\"color: #9900ff; font-family: arial, sans-serif;\">Pasos para asegurar tu lugar:<\/span><\/span><\/b><\/p>\n<p class=\"MsoNormal\" style=\"color: #000000; font-family: sans-serif; background-color: #faf8ff; line-height: normal; margin: 0cm 0cm 10pt; font-size: 11pt;\"><span style=\"font-family: arial, sans-serif;\"><b><span style=\"font-size: 12pt;\">1.\u00a0<span style=\"color: #9900ff;\">Verificaci\u00f3n de T\u00edtulo:<\/span><\/span><\/b><span style=\"font-size: 12pt;\">\u00a0Antes de matricularte, por favor verific\u00e1 que tu titulaci\u00f3n figure en la lista de habilitaci\u00f3n de la provincia aqu\u00ed:\u00a0<a style=\"text-decoration-line: none; color: #0b57d0;\" href=\"https:\/\/www.cba.gov.ar\/wp-content\/uploads\/2025\/05\/Titulos-2026_.pdf\" target=\"_blank\" rel=\"noopener noreferrer\" data-saferedirecturl=\"https:\/\/www.google.com\/url?q=https:\/\/www.cba.gov.ar\/wp-content\/uploads\/2025\/05\/Titulos-2026_.pdf&amp;source=gmail&amp;ust=1770834061086000&amp;usg=AOvVaw109FJSL83rgYmbFedPcFjr\"><span style=\"color: blue;\">Enlace a T\u00edtulos 2026<\/span><\/a><\/span><\/span><\/p>\n<p class=\"MsoNormal\" style=\"color: #000000; font-family: sans-serif; background-color: #faf8ff; line-height: normal; margin: 0cm 0cm 10pt; font-size: 11pt;\"><span style=\"font-family: arial, sans-serif;\"><b><span style=\"font-size: 12pt;\">2.\u00a0<span style=\"color: #9900ff;\">Inscripci\u00f3n Online<\/span>:<\/span><\/b><span style=\"font-size: 12pt;\">\u00a0Si decid\u00eds avanzar, realiz\u00e1 tu matriculaci\u00f3n definitiva en este formulario: \u00a0<b><a style=\"text-decoration-line: none; color: #0b57d0;\" href=\"https:\/\/forms.gle\/tpiGB85gw1YXAQZ17\" target=\"_blank\" rel=\"noopener noreferrer\" data-saferedirecturl=\"https:\/\/www.google.com\/url?q=https:\/\/forms.gle\/tpiGB85gw1YXAQZ17&amp;source=gmail&amp;ust=1770834061086000&amp;usg=AOvVaw0mZw42GYW1x-WLekMzn0KK\"><span style=\"color: blue;\">Formulario de Matriculaci\u00f3n AQU\u00cd<\/span><\/a><\/b><\/span><\/span><\/p>\n<p class=\"MsoNormal\" style=\"color: #000000; font-family: sans-serif; background-color: #faf8ff; line-height: normal; margin: 0cm 0cm 10pt; font-size: 11pt;\"><span style=\"font-family: arial, sans-serif;\"><b><span style=\"font-size: 12pt;\">3.\u00a0<span style=\"color: #9900ff;\">Env\u00edo de Documentaci\u00f3n:<\/span><\/span><\/b><span style=\"font-size: 12pt;\">\u00a0Una vez matriculado\/a, deber\u00e1s enviar la siguiente documentaci\u00f3n digital a\u00a0<b><a style=\"text-decoration-line: none; color: #0b57d0;\" href=\"mailto:trayectopedagogico@icaborigen.edu.ar\" target=\"_blank\" rel=\"noopener noreferrer\">trayectopedagogico@icaborigen.<wbr \/>edu.ar<\/a><\/b>:<\/span><\/span><\/p>\n<ul style=\"color: #000000; font-family: sans-serif; font-size: 12.8px; background-color: #faf8ff; margin-bottom: 0cm;\" type=\"disc\">\n<li class=\"MsoNormal\" style=\"line-height: normal; margin: 0cm 0cm 10pt; font-size: 11pt;\"><span style=\"font-size: 12pt;\"><span style=\"font-family: arial, sans-serif;\">Anal\u00edtico de t\u00edtulo y diploma.<\/span><\/span><\/li>\n<li class=\"MsoNormal\" style=\"line-height: normal; margin: 0cm 0cm 10pt; font-size: 11pt;\"><span style=\"font-size: 12pt;\"><span style=\"font-family: arial, sans-serif;\">Fotocopia de DNI.<\/span><\/span><\/li>\n<li class=\"MsoNormal\" style=\"line-height: normal; margin: 0cm 0cm 10pt; font-size: 11pt;\"><span style=\"font-size: 12pt;\"><span style=\"font-family: arial, sans-serif;\">Certificado de Ley 9680 (delitos contra la integridad sexual) tramitado por CiDi.<\/span><\/span><\/li>\n<li class=\"MsoNormal\" style=\"line-height: normal; margin: 0cm 0cm 10pt; font-size: 11pt;\"><span style=\"font-size: 12pt;\"><span style=\"font-family: arial, sans-serif;\">Ficha M\u00e9dica (te la enviaremos por mail para completar).<\/span><\/span><\/li>\n<\/ul>\n<div class=\"MsoNormal\" style=\"color: #000000; font-family: sans-serif; background-color: #faf8ff; margin: 0cm 0cm 0.0001pt; text-align: center; line-height: normal; font-size: 11pt;\" align=\"center\">\n<hr align=\"center\" size=\"3\" width=\"100%\" \/><\/div>\n<p class=\"MsoNormal\" style=\"color: #000000; font-family: sans-serif; background-color: #faf8ff; line-height: normal; margin: 0cm 0cm 10pt; font-size: 11pt;\"><b><span style=\"font-size: 13.5pt;\"><span style=\"color: #9900ff; font-family: arial, sans-serif;\">Informaci\u00f3n Arancelaria 2026:<\/span><\/span><\/b><\/p>\n<ul style=\"color: #000000; font-family: sans-serif; font-size: 12.8px; background-color: #faf8ff; margin-bottom: 0cm;\" type=\"disc\">\n<li class=\"MsoNormal\" style=\"line-height: normal; margin: 0cm 0cm 10pt; font-size: 11pt;\"><span style=\"font-family: arial, sans-serif;\"><b><span style=\"font-size: 12pt;\"><span style=\"color: #9900ff;\">Matr\u00edcula anual<\/span>:<\/span><\/b><span style=\"font-size: 12pt;\">\u00a0$90.000 (se puede abonar en dos cuotas).<\/span><\/span><\/li>\n<li class=\"MsoNormal\" style=\"line-height: normal; margin: 0cm 0cm 10pt; font-size: 11pt;\"><span style=\"font-family: arial, sans-serif;\"><b><span style=\"font-size: 12pt;\"><span style=\"color: #9900ff;\">Cuota mensual:<\/span><\/span><\/b><span style=\"font-size: 12pt;\">\u00a0$100.000.<\/span><\/span><\/li>\n<\/ul>\n<p class=\"MsoNormal\" style=\"color: #000000; font-family: sans-serif; background-color: #faf8ff; line-height: normal; margin: 0cm 0cm 10pt; font-size: 11pt;\"><span style=\"font-size: 12pt;\"><span style=\"font-family: arial, sans-serif;\">No pierdas la oportunidad de obtener tu formaci\u00f3n pedag\u00f3gica en un formato que se adapta a tu ritmo de vida.<\/span><\/span><\/p>\n<p class=\"MsoNormal\" style=\"color: #000000; font-family: sans-serif; background-color: #faf8ff; line-height: normal; margin: 0cm 0cm 10pt; font-size: 11pt;\"><span style=\"font-size: 12pt;\"><span style=\"font-family: arial, sans-serif;\">\u00a1Te esperamos para empezar este camino!<\/span><\/span><\/p>\n","protected":false},"excerpt":{"rendered":"<p>INSCRIPCIONES ABIERTAS \u00bfTe queres inscribir? hace click ac\u00e1! \u00a0 Nuestras Carreras TRAYECTO PEDAG\u00d3GICO PARA GRADUADOS NO DOCENTES\u00a0 A\u00fan est\u00e1s a tiempo de sumarte. Este trayecto es ideal para perfiles no docentes, ya que tiene una duraci\u00f3n de\u00a0solo un a\u00f1o y medio\u00a0y est\u00e1 dise\u00f1ado para que puedas compatibilizarlo con tu trabajo: Cursada flexible:\u00a0Solo un s\u00e1bado presencial &#8230; <a title=\"Inicio\" class=\"read-more\" href=\"https:\/\/ica-cba.infd.edu.ar\/sitio\/\" aria-label=\"M\u00e1s en Inicio\">[+]<\/a><\/p>\n","protected":false},"author":1,"featured_media":0,"parent":0,"menu_order":0,"comment_status":"closed","ping_status":"closed","template":"","meta":[],"_links":{"self":[{"href":"https:\/\/ica-cba.infd.edu.ar\/sitio\/wp-json\/wp\/v2\/pages\/286"}],"collection":[{"href":"https:\/\/ica-cba.infd.edu.ar\/sitio\/wp-json\/wp\/v2\/pages"}],"about":[{"href":"https:\/\/ica-cba.infd.edu.ar\/sitio\/wp-json\/wp\/v2\/types\/page"}],"author":[{"embeddable":true,"href":"https:\/\/ica-cba.infd.edu.ar\/sitio\/wp-json\/wp\/v2\/users\/1"}],"replies":[{"embeddable":true,"href":"https:\/\/ica-cba.infd.edu.ar\/sitio\/wp-json\/wp\/v2\/comments?post=286"}],"version-history":[{"count":120,"href":"https:\/\/ica-cba.infd.edu.ar\/sitio\/wp-json\/wp\/v2\/pages\/286\/revisions"}],"predecessor-version":[{"id":1027,"href":"https:\/\/ica-cba.infd.edu.ar\/sitio\/wp-json\/wp\/v2\/pages\/286\/revisions\/1027"}],"wp:attachment":[{"href":"https:\/\/ica-cba.infd.edu.ar\/sitio\/wp-json\/wp\/v2\/media?parent=286"}],"curies":[{"name":"wp","href":"https:\/\/api.w.org\/{rel}","templated":true}]}}