{"id":808,"date":"2024-12-18T20:01:52","date_gmt":"2024-12-18T23:01:52","guid":{"rendered":"https:\/\/ica-cba.infd.edu.ar\/sitio\/?page_id=808"},"modified":"2025-10-21T16:39:10","modified_gmt":"2025-10-21T19:39:10","slug":"profesorado-de-educacion-primaria","status":"publish","type":"page","link":"https:\/\/ica-cba.infd.edu.ar\/sitio\/catalogo\/profesorado-de-educacion-primaria\/","title":{"rendered":"PPROFESORADO DE EDUCACI\u00d3N PRIMARIA"},"content":{"rendered":"<div class=\"wp-block-image\">\n<figure class=\"aligncenter size-full\"><img decoding=\"async\" loading=\"lazy\" width=\"1080\" height=\"1080\" src=\"https:\/\/ica-cba.infd.edu.ar\/sitio\/wp-content\/uploads\/2025\/10\/WhatsApp-Image-2025-10-17-at-17.31.09.jpeg\" alt=\"\" class=\"wp-image-985\" srcset=\"https:\/\/ica-cba.infd.edu.ar\/sitio\/wp-content\/uploads\/2025\/10\/WhatsApp-Image-2025-10-17-at-17.31.09.jpeg 1080w, https:\/\/ica-cba.infd.edu.ar\/sitio\/wp-content\/uploads\/2025\/10\/WhatsApp-Image-2025-10-17-at-17.31.09-1000x1000.jpeg 1000w, https:\/\/ica-cba.infd.edu.ar\/sitio\/wp-content\/uploads\/2025\/10\/WhatsApp-Image-2025-10-17-at-17.31.09-500x500.jpeg 500w, https:\/\/ica-cba.infd.edu.ar\/sitio\/wp-content\/uploads\/2025\/10\/WhatsApp-Image-2025-10-17-at-17.31.09-768x768.jpeg 768w\" sizes=\"(max-width: 1080px) 100vw, 1080px\" \/><\/figure><\/div>\n\n\n<p>El Profesorado de Educaci\u00f3n Primaria del Instituto de Culturas Abor\u00edgenes promueve y desarrolla un proyecto pedag\u00f3gico intercultural que considera al compromiso con el saber, la autonom\u00eda, la creatividad y la responsabilidad solidaria del sujeto en formaci\u00f3n, en los contextos sociales y culturales al que pertenece, para lo cual, reconoce y aprueba las m\u00faltiples formas de ense\u00f1anza y aprendizaje que convergen en el aula y en los otros espacios institucionales formales y no formales.<\/p>\n\n\n\n<p>Al estudio e indagaci\u00f3n disciplinar que sostiene la Estructura Curricular del Profesorado, lo atraviesa el Ideario Institucional que contempla espacios de aprendizajes vivenciales donde se visibilizan las culturas y los saberes de los pueblos originarios y las comunidades:reconocimientos de sus formas de vida y educaci\u00f3n, de sus lenguas y expresi\u00f3n, de sus ceremonias, de las luchas ancestrales de territorialidad, lo que le da vital importancia a la formaci\u00f3n docente Intercultural.<\/p>\n\n\n\n<p>Por otra parte, el trayecto formativo considera desde sus inicios a las Pr\u00e1cticas en las instituciones educativas desde una perspectiva que posibilite \u201cla inclusi\u00f3n\u201d y \u201clos procesos de integraci\u00f3n\u201d en todo momento. Experiencias que se vinculan con los contenidos y marcos conceptuales que se estudian y trabajan en la formaci\u00f3n general. Y desde ese lugar,se concibe que la tarea docente es una pr\u00e1ctica social transformadora y los conocimientos que circulan en los espacios educativos tienen necesariamente alcances de comprensi\u00f3n y de intervenci\u00f3n \u2013acci\u00f3n \u2013 en las realidades que transitan los\/as ense\u00f1antes-aprendientes.<\/p>\n\n\n\n<p>Para cerrar, interesa decir que desde siempre, pero en la actualidad con mayor exigencia, en todas las instancias de formaci\u00f3n, se impulsan y acercan conocimientos que faciliten la progresiva apropiaci\u00f3n de herramientas tecnol\u00f3gicas y de estudio permanente para el trabajo virtual y sus alternancias, acordes con los nuevos desaf\u00edos educativos y la inserci\u00f3n laboral de los\/as futuros\/as docentes. Igualmente,se considera esencial, acompa\u00f1ar esos procesos, con marcos te\u00f3ricos conceptuales que posibiliten el an\u00e1lisis cr\u00edtico y profundo del rol protag\u00f3nico de las TIC y las Redes sociales, en la Escuela, en las Comunidades y en la Sociedad toda.<\/p>\n\n\n\n<pre class=\"wp-block-preformatted\">El profesorado tiene una duraci\u00f3n de 4 a\u00f1os, se cursa de lunes a viernes de 18 a 22:30 hs. El t\u00edtulo tiene validez oficial.<\/pre>\n\n\n\n<h2 class=\"wp-block-heading\"><strong>Plan de estudios<\/strong><\/h2>\n\n\n\n<p>PRIMER A\u00d1O<\/p>\n\n\n\n<ul>\n<li>Pedagog\u00eda<\/li>\n\n\n\n<li>Problem\u00e1ticas Socioantropol\u00f3gicas en Educaci\u00f3n.<\/li>\n\n\n\n<li>Psicolog\u00eda y Educaci\u00f3n<\/li>\n\n\n\n<li>Argentina en el Mundo Contempor\u00e1neo.<\/li>\n\n\n\n<li>Lenguaje Digital y Audiovisual.<\/li>\n\n\n\n<li>Lenguaje Corporal<\/li>\n\n\n\n<li>Pr\u00e1ctica Docente I: Contextos y Pr\u00e1cticas Educativas.<\/li>\n\n\n\n<li>Desarrollo del Pensamiento Matem\u00e1tico.<\/li>\n\n\n\n<li>Oralidad, Lectura y Escritura<\/li>\n\n\n\n<li>Seminario de Interculturalidad I<\/li>\n<\/ul>\n\n\n\n<p>SEGUNDO A\u00d1O<\/p>\n\n\n\n<ul>\n<li>Filosof\u00eda y Educaci\u00f3n<\/li>\n\n\n\n<li>Did\u00e1ctica General<\/li>\n\n\n\n<li>Lenguaje Art\u00edstico Expresivo<\/li>\n\n\n\n<li>Pr\u00e1ctica Docente II: Escuelas, Historias Documentadas y Cotidianeidad.<\/li>\n\n\n\n<li>Matem\u00e1tica y su Did\u00e1ctica I<\/li>\n\n\n\n<li>Lengua y su Did\u00e1ctica<\/li>\n\n\n\n<li>Ciencias Naturales y su Did\u00e1ctica I<\/li>\n\n\n\n<li>Ciencias Sociales y su Did\u00e1ctica I<\/li>\n\n\n\n<li>Sujetos de la Educaci\u00f3n y Convivencia Escolar.<\/li>\n\n\n\n<li>Seminario de Interculturalidad II<\/li>\n<\/ul>\n\n\n\n<p>TERCER A\u00d1O<\/p>\n\n\n\n<ul>\n<li>Historia y Pol\u00edtica de la Educaci\u00f3n Argentina<\/li>\n\n\n\n<li>Pr\u00e1ctica Docente III: El Aula \u2013 Espacio del Aprender y del Ense\u00f1ar.<\/li>\n\n\n\n<li>Matem\u00e1tica y su Did\u00e1ctica II<\/li>\n\n\n\n<li>Literatura en el Nivel Primario<\/li>\n\n\n\n<li>Alfabetizaci\u00f3n Inicial<\/li>\n\n\n\n<li>Ciencias Naturales y su Did\u00e1ctica II<\/li>\n\n\n\n<li>Taller de Ciencias en la Escuela<\/li>\n\n\n\n<li>Ciencias Sociales y su Did\u00e1ctica II<\/li>\n\n\n\n<li>Educaci\u00f3n Art\u00edstica Expresiva<\/li>\n\n\n\n<li>Tic y la Ense\u00f1anza en el Nivel Primario.<\/li>\n\n\n\n<li>Seminario de Interculturalidad III<\/li>\n<\/ul>\n\n\n\n<p>CUARTO A\u00d1O<\/p>\n\n\n\n<ul>\n<li>\u00c9tica y Construcci\u00f3n de Ciudadan\u00eda.<\/li>\n\n\n\n<li>Pr\u00e1ctica Docente IV y Residencia: Recrear las Pr\u00e1cticas Docentes.<\/li>\n\n\n\n<li>Problem\u00e1ticas y Desaf\u00edos del Nivel Primario.<\/li>\n\n\n\n<li>Educaci\u00f3n F\u00edsica en el Nivel Primario.<\/li>\n\n\n\n<li>Educaci\u00f3n Sexual Integral<\/li>\n\n\n\n<li>Seminario de Interculturalidad IV<\/li>\n<\/ul>\n\n\n\n<h2 class=\"wp-block-heading\">Perfil del Egresade<\/h2>\n\n\n\n<p>La propuesta de formaci\u00f3n de este profesorado, piensa y valora a la instituci\u00f3n educativa, a los procesos de ense\u00f1anza\/aprendizaje y de escolaridad, insertos en la comunidad y ciertamente involucrados con su historia y con su acontecer.<\/p>\n\n\n\n<p>Por eso el plan de estudio recupera el pensamiento y los saberes de los pueblos originarios y orienta la formaci\u00f3n docente intercultural promoviendo, en su esencia, el reconocimiento de la diversidad, de las diferencias y de los contextos en que se manifiestan.<\/p>\n\n\n\n<p>Desde esa perspectiva y desde la propuesta que nos acerca la Educaci\u00f3n Popular, en el marco de la normativa vigente, se prev\u00e9 trabajar los contenidos curriculares correspondientes al Profesorado de Educaci\u00f3n Primaria, con el reconocimiento y promoci\u00f3n de las culturas \u2013 creencias, valores, pensamiento, organizaci\u00f3n de vida, etc.- propias de las comunidades a las que pertenecen las\/as estudiantes. Recuperando y valorando sus saberes y pr\u00e1cticas socioculturales, sus formas de relacionarse con el conocimiento, sus formas de aprender.<\/p>\n\n\n\n<p>El \u00e9nfasis que se adopta en estos aspectos es medular y deriva en ofrecer herramientas concretas a la tarea docente para comprender y acompa\u00f1ar los procesos de ense\u00f1anza y aprendizaje en el nivel primario, considerando los escenarios propios y significativos de los\/as educandos\/as involucrados\/as en esos procesos.<\/p>\n\n\n\n<p>\u00bfTe queres inscribir? Hace click ac\u00e1! <a href=\"https:\/\/forms.gle\/8KfhALiVjjhw1XuA8\" data-type=\"URL\" data-id=\"https:\/\/forms.gle\/8KfhALiVjjhw1XuA8\">https:\/\/forms.gle\/8KfhALiVjjhw1XuA8<\/a><\/p>\n\n\n\n<figure class=\"wp-block-image\"><img alt=\"\"\/><\/figure>\n\n\n\n<figure class=\"wp-block-image\"><img alt=\"\"\/><\/figure>\n\n\n\n<figure class=\"wp-block-image\"><img alt=\"\"\/><\/figure>\n\n\n\n<figure class=\"wp-block-image\"><img alt=\"\"\/><\/figure>\n","protected":false},"excerpt":{"rendered":"<p>El Profesorado de Educaci\u00f3n Primaria del Instituto de Culturas Abor\u00edgenes promueve y desarrolla un proyecto pedag\u00f3gico intercultural que considera al compromiso con el saber, la autonom\u00eda, la creatividad y la responsabilidad solidaria del sujeto en formaci\u00f3n, en los contextos sociales y culturales al que pertenece, para lo cual, reconoce y aprueba las m\u00faltiples formas de &#8230; <a title=\"PPROFESORADO DE EDUCACI\u00d3N PRIMARIA\" class=\"read-more\" href=\"https:\/\/ica-cba.infd.edu.ar\/sitio\/catalogo\/profesorado-de-educacion-primaria\/\" aria-label=\"M\u00e1s en PPROFESORADO DE EDUCACI\u00d3N PRIMARIA\">[+]<\/a><\/p>\n","protected":false},"author":10,"featured_media":0,"parent":644,"menu_order":-1,"comment_status":"closed","ping_status":"closed","template":"","meta":[],"_links":{"self":[{"href":"https:\/\/ica-cba.infd.edu.ar\/sitio\/wp-json\/wp\/v2\/pages\/808"}],"collection":[{"href":"https:\/\/ica-cba.infd.edu.ar\/sitio\/wp-json\/wp\/v2\/pages"}],"about":[{"href":"https:\/\/ica-cba.infd.edu.ar\/sitio\/wp-json\/wp\/v2\/types\/page"}],"author":[{"embeddable":true,"href":"https:\/\/ica-cba.infd.edu.ar\/sitio\/wp-json\/wp\/v2\/users\/10"}],"replies":[{"embeddable":true,"href":"https:\/\/ica-cba.infd.edu.ar\/sitio\/wp-json\/wp\/v2\/comments?post=808"}],"version-history":[{"count":5,"href":"https:\/\/ica-cba.infd.edu.ar\/sitio\/wp-json\/wp\/v2\/pages\/808\/revisions"}],"predecessor-version":[{"id":1002,"href":"https:\/\/ica-cba.infd.edu.ar\/sitio\/wp-json\/wp\/v2\/pages\/808\/revisions\/1002"}],"up":[{"embeddable":true,"href":"https:\/\/ica-cba.infd.edu.ar\/sitio\/wp-json\/wp\/v2\/pages\/644"}],"wp:attachment":[{"href":"https:\/\/ica-cba.infd.edu.ar\/sitio\/wp-json\/wp\/v2\/media?parent=808"}],"curies":[{"name":"wp","href":"https:\/\/api.w.org\/{rel}","templated":true}]}}